{"id":2372,"date":"2025-01-17T20:04:18","date_gmt":"2025-01-17T19:04:18","guid":{"rendered":"https:\/\/restaurant-ceba.fr\/?page_id=2372"},"modified":"2025-08-26T15:34:14","modified_gmt":"2025-08-26T13:34:14","slug":"notre-cuisine","status":"publish","type":"page","link":"https:\/\/restaurant-ceba.fr\/index.php\/notre-cuisine\/","title":{"rendered":"Notre cuisine"},"content":{"rendered":"\t\t<div data-elementor-type=\"wp-page\" data-elementor-id=\"2372\" class=\"elementor elementor-2372\">\n\t\t\t\t\t\t<section class=\"elementor-section elementor-top-section elementor-element elementor-element-1a918ff elementor-section-boxed elementor-section-height-default elementor-section-height-default\" data-id=\"1a918ff\" data-element_type=\"section\">\n\t\t\t\t\t\t<div class=\"elementor-container elementor-column-gap-default\">\n\t\t\t\t\t<div class=\"elementor-column elementor-col-50 elementor-top-column elementor-element elementor-element-322bec5 order-mobi2\" data-id=\"322bec5\" data-element_type=\"column\">\n\t\t\t<div class=\"elementor-widget-wrap elementor-element-populated\">\n\t\t\t\t\t\t<div class=\"elementor-element elementor-element-c82dc50 el-smalltitle pcolor elementor-widget__width-initial elementor-widget elementor-widget-heading\" data-id=\"c82dc50\" data-element_type=\"widget\" data-widget_type=\"heading.default\">\n\t\t\t\t<div class=\"elementor-widget-container\">\n\t\t\t\t\t<span class=\"elementor-heading-title elementor-size-default\">Notre cuisine<\/span>\t\t\t\t<\/div>\n\t\t\t\t<\/div>\n\t\t\t\t<div class=\"elementor-element elementor-element-b8e4bf6 elementor-widget elementor-widget-text-editor\" data-id=\"b8e4bf6\" data-element_type=\"widget\" data-widget_type=\"text-editor.default\">\n\t\t\t\t<div class=\"elementor-widget-container\">\n\t\t\t\t\t\t\t\t\t<p><span style=\"font-weight: 400;\">Nous faisons la part belle aux produits locaux, de saison, et frais. Les menus changent donc au rythme des saisons, du temps, et de nos inspirations. Le midi, nous vous proposons un menu d\u2019arrivage, et le soir des plats \u00e0 la carte.\u00a0<\/span><\/p><p><span style=\"font-weight: 400;\">La moiti\u00e9 de notre carte est d\u00e9di\u00e9e \u00e0 une cuisine v\u00e9g\u00e9tarienne inventive, tout en mettant \u00e0 l&rsquo;honneur une d\u00e9licieuse charcuterie, cr\u00e9\u00e9e par nos soins. Et pour accompagner le repas, nous pr\u00e9parons chaque soir un petit pain frais, \u00e0 partager ou pas, pour une exp\u00e9rience gourmande et pleine de saveurs.<\/span><\/p><p><span style=\"font-weight: 400;\">En bref, toute notre cuisine est de saison, g\u00e9n\u00e9reuse et maison, dans un cadre que nous voulons r\u00e9solument chaleureux.<\/span><\/p>\t\t\t\t\t\t\t\t<\/div>\n\t\t\t\t<\/div>\n\t\t\t\t<div class=\"elementor-element elementor-element-d76a93d el-btn elementor-align-center elementor-widget elementor-widget-button\" data-id=\"d76a93d\" data-element_type=\"widget\" data-widget_type=\"button.default\">\n\t\t\t\t<div class=\"elementor-widget-container\">\n\t\t\t\t\t\t\t\t\t<div class=\"elementor-button-wrapper\">\n\t\t\t\t\t<a class=\"elementor-button elementor-button-link elementor-size-sm\" href=\"https:\/\/restaurant-ceba.fr\/index.php\/exemples-de-menu\/\">\n\t\t\t\t\t\t<span class=\"elementor-button-content-wrapper\">\n\t\t\t\t\t\t\t\t\t<span class=\"elementor-button-text\">Exemples de menus<\/span>\n\t\t\t\t\t<\/span>\n\t\t\t\t\t<\/a>\n\t\t\t\t<\/div>\n\t\t\t\t\t\t\t\t<\/div>\n\t\t\t\t<\/div>\n\t\t\t\t\t<\/div>\n\t\t<\/div>\n\t\t\t\t<div class=\"elementor-column elementor-col-50 elementor-top-column elementor-element elementor-element-143f62b order-mobi1\" data-id=\"143f62b\" data-element_type=\"column\">\n\t\t\t<div class=\"elementor-widget-wrap elementor-element-populated\">\n\t\t\t\t\t\t<div class=\"elementor-element elementor-element-ede32ba elementor-widget elementor-widget-image\" data-id=\"ede32ba\" data-element_type=\"widget\" data-widget_type=\"image.default\">\n\t\t\t\t<div class=\"elementor-widget-container\">\n\t\t\t\t\t\t\t\t\t\t\t\t\t\t\t<img fetchpriority=\"high\" decoding=\"async\" width=\"1024\" height=\"683\" src=\"https:\/\/restaurant-ceba.fr\/wp-content\/uploads\/DSC_5231-1024x683.jpeg\" class=\"attachment-large size-large wp-image-2427\" alt=\"\" srcset=\"https:\/\/restaurant-ceba.fr\/wp-content\/uploads\/DSC_5231-1024x683.jpeg 1024w, https:\/\/restaurant-ceba.fr\/wp-content\/uploads\/DSC_5231-300x200.jpeg 300w, https:\/\/restaurant-ceba.fr\/wp-content\/uploads\/DSC_5231-768x512.jpeg 768w, https:\/\/restaurant-ceba.fr\/wp-content\/uploads\/DSC_5231-1536x1024.jpeg 1536w, https:\/\/restaurant-ceba.fr\/wp-content\/uploads\/DSC_5231-2048x1365.jpeg 2048w\" sizes=\"(max-width: 1024px) 100vw, 1024px\" \/>\t\t\t\t\t\t\t\t\t\t\t\t\t\t\t<\/div>\n\t\t\t\t<\/div>\n\t\t\t\t\t<\/div>\n\t\t<\/div>\n\t\t\t\t\t<\/div>\n\t\t<\/section>\n\t\t<div class=\"elementor-element elementor-element-e7e8826 e-flex e-con-boxed e-con e-parent\" data-id=\"e7e8826\" data-element_type=\"container\">\n\t\t\t\t\t<div class=\"e-con-inner\">\n\t\t<div class=\"elementor-element elementor-element-cac7b93 e-con-full e-flex e-con e-child\" data-id=\"cac7b93\" data-element_type=\"container\">\n\t\t\t\t<div class=\"elementor-element elementor-element-32464a5 elementor-widget elementor-widget-image\" data-id=\"32464a5\" data-element_type=\"widget\" data-widget_type=\"image.default\">\n\t\t\t\t<div class=\"elementor-widget-container\">\n\t\t\t\t\t\t\t\t\t\t\t\t\t\t\t<img decoding=\"async\" width=\"768\" height=\"1024\" src=\"https:\/\/restaurant-ceba.fr\/wp-content\/uploads\/2025\/05\/IMG_8249-1-768x1024.jpg\" class=\"attachment-large size-large wp-image-2545\" alt=\"\" srcset=\"https:\/\/restaurant-ceba.fr\/wp-content\/uploads\/2025\/05\/IMG_8249-1-768x1024.jpg 768w, https:\/\/restaurant-ceba.fr\/wp-content\/uploads\/2025\/05\/IMG_8249-1-225x300.jpg 225w, https:\/\/restaurant-ceba.fr\/wp-content\/uploads\/2025\/05\/IMG_8249-1-1152x1536.jpg 1152w, https:\/\/restaurant-ceba.fr\/wp-content\/uploads\/2025\/05\/IMG_8249-1-rotated.jpg 1512w\" sizes=\"(max-width: 768px) 100vw, 768px\" \/>\t\t\t\t\t\t\t\t\t\t\t\t\t\t\t<\/div>\n\t\t\t\t<\/div>\n\t\t\t\t<\/div>\n\t\t<div class=\"elementor-element elementor-element-05eeaa5 e-con-full e-flex e-con e-child\" data-id=\"05eeaa5\" data-element_type=\"container\">\n\t\t\t\t<div class=\"elementor-element elementor-element-d64296f elementor-widget elementor-widget-image\" data-id=\"d64296f\" data-element_type=\"widget\" data-widget_type=\"image.default\">\n\t\t\t\t<div class=\"elementor-widget-container\">\n\t\t\t\t\t\t\t\t\t\t\t\t\t\t\t<img decoding=\"async\" width=\"768\" height=\"1024\" src=\"https:\/\/restaurant-ceba.fr\/wp-content\/uploads\/2025\/05\/IMG_8208-768x1024.jpg\" class=\"attachment-large size-large wp-image-2546\" alt=\"\" srcset=\"https:\/\/restaurant-ceba.fr\/wp-content\/uploads\/2025\/05\/IMG_8208-768x1024.jpg 768w, https:\/\/restaurant-ceba.fr\/wp-content\/uploads\/2025\/05\/IMG_8208-225x300.jpg 225w, https:\/\/restaurant-ceba.fr\/wp-content\/uploads\/2025\/05\/IMG_8208-1152x1536.jpg 1152w, https:\/\/restaurant-ceba.fr\/wp-content\/uploads\/2025\/05\/IMG_8208-rotated.jpg 1512w\" sizes=\"(max-width: 768px) 100vw, 768px\" \/>\t\t\t\t\t\t\t\t\t\t\t\t\t\t\t<\/div>\n\t\t\t\t<\/div>\n\t\t\t\t<\/div>\n\t\t<div class=\"elementor-element elementor-element-f54f747 e-con-full e-flex e-con e-child\" data-id=\"f54f747\" data-element_type=\"container\">\n\t\t\t\t<div class=\"elementor-element elementor-element-41e0f05 elementor-widget elementor-widget-image\" data-id=\"41e0f05\" data-element_type=\"widget\" data-widget_type=\"image.default\">\n\t\t\t\t<div class=\"elementor-widget-container\">\n\t\t\t\t\t\t\t\t\t\t\t\t\t\t\t<img loading=\"lazy\" decoding=\"async\" width=\"768\" height=\"1024\" src=\"https:\/\/restaurant-ceba.fr\/wp-content\/uploads\/2025\/05\/IMG_8812-768x1024.jpg\" class=\"attachment-large size-large wp-image-2547\" alt=\"\" srcset=\"https:\/\/restaurant-ceba.fr\/wp-content\/uploads\/2025\/05\/IMG_8812-768x1024.jpg 768w, https:\/\/restaurant-ceba.fr\/wp-content\/uploads\/2025\/05\/IMG_8812-225x300.jpg 225w, https:\/\/restaurant-ceba.fr\/wp-content\/uploads\/2025\/05\/IMG_8812-1152x1536.jpg 1152w, https:\/\/restaurant-ceba.fr\/wp-content\/uploads\/2025\/05\/IMG_8812-rotated.jpg 1512w\" sizes=\"(max-width: 768px) 100vw, 768px\" \/>\t\t\t\t\t\t\t\t\t\t\t\t\t\t\t<\/div>\n\t\t\t\t<\/div>\n\t\t\t\t<\/div>\n\t\t<div class=\"elementor-element elementor-element-1ef3ddd e-con-full e-flex e-con e-child\" data-id=\"1ef3ddd\" data-element_type=\"container\">\n\t\t\t\t<div class=\"elementor-element elementor-element-5ccbff0 elementor-widget elementor-widget-image\" data-id=\"5ccbff0\" data-element_type=\"widget\" data-widget_type=\"image.default\">\n\t\t\t\t<div class=\"elementor-widget-container\">\n\t\t\t\t\t\t\t\t\t\t\t\t\t\t\t<img loading=\"lazy\" decoding=\"async\" width=\"768\" height=\"1024\" src=\"https:\/\/restaurant-ceba.fr\/wp-content\/uploads\/2025\/05\/IMG_9031-768x1024.jpg\" class=\"attachment-large size-large wp-image-2548\" alt=\"\" srcset=\"https:\/\/restaurant-ceba.fr\/wp-content\/uploads\/2025\/05\/IMG_9031-768x1024.jpg 768w, https:\/\/restaurant-ceba.fr\/wp-content\/uploads\/2025\/05\/IMG_9031-225x300.jpg 225w, https:\/\/restaurant-ceba.fr\/wp-content\/uploads\/2025\/05\/IMG_9031-1152x1536.jpg 1152w, https:\/\/restaurant-ceba.fr\/wp-content\/uploads\/2025\/05\/IMG_9031.jpg 1512w\" sizes=\"(max-width: 768px) 100vw, 768px\" \/>\t\t\t\t\t\t\t\t\t\t\t\t\t\t\t<\/div>\n\t\t\t\t<\/div>\n\t\t\t\t<\/div>\n\t\t<div class=\"elementor-element elementor-element-b4b740b e-con-full e-flex e-con e-child\" data-id=\"b4b740b\" data-element_type=\"container\">\n\t\t\t\t<div class=\"elementor-element elementor-element-48361a5 elementor-widget elementor-widget-image\" data-id=\"48361a5\" data-element_type=\"widget\" data-widget_type=\"image.default\">\n\t\t\t\t<div class=\"elementor-widget-container\">\n\t\t\t\t\t\t\t\t\t\t\t\t\t\t\t<img loading=\"lazy\" decoding=\"async\" width=\"768\" height=\"1024\" src=\"https:\/\/restaurant-ceba.fr\/wp-content\/uploads\/2025\/05\/IMG_9157-768x1024.jpg\" class=\"attachment-large size-large wp-image-2549\" alt=\"\" srcset=\"https:\/\/restaurant-ceba.fr\/wp-content\/uploads\/2025\/05\/IMG_9157-768x1024.jpg 768w, https:\/\/restaurant-ceba.fr\/wp-content\/uploads\/2025\/05\/IMG_9157-225x300.jpg 225w, https:\/\/restaurant-ceba.fr\/wp-content\/uploads\/2025\/05\/IMG_9157-1152x1536.jpg 1152w, https:\/\/restaurant-ceba.fr\/wp-content\/uploads\/2025\/05\/IMG_9157-rotated.jpg 1512w\" sizes=\"(max-width: 768px) 100vw, 768px\" \/>\t\t\t\t\t\t\t\t\t\t\t\t\t\t\t<\/div>\n\t\t\t\t<\/div>\n\t\t\t\t<\/div>\n\t\t<div class=\"elementor-element elementor-element-85fe9c5 e-con-full e-flex e-con e-child\" data-id=\"85fe9c5\" data-element_type=\"container\">\n\t\t\t\t<div class=\"elementor-element elementor-element-78f609c elementor-widget elementor-widget-image\" data-id=\"78f609c\" data-element_type=\"widget\" data-widget_type=\"image.default\">\n\t\t\t\t<div class=\"elementor-widget-container\">\n\t\t\t\t\t\t\t\t\t\t\t\t\t\t\t<img loading=\"lazy\" decoding=\"async\" width=\"768\" height=\"1024\" src=\"https:\/\/restaurant-ceba.fr\/wp-content\/uploads\/2025\/05\/IMG_8128-768x1024.jpg\" class=\"attachment-large size-large wp-image-2550\" alt=\"\" srcset=\"https:\/\/restaurant-ceba.fr\/wp-content\/uploads\/2025\/05\/IMG_8128-768x1024.jpg 768w, https:\/\/restaurant-ceba.fr\/wp-content\/uploads\/2025\/05\/IMG_8128-225x300.jpg 225w, https:\/\/restaurant-ceba.fr\/wp-content\/uploads\/2025\/05\/IMG_8128-1152x1536.jpg 1152w, https:\/\/restaurant-ceba.fr\/wp-content\/uploads\/2025\/05\/IMG_8128-rotated.jpg 1512w\" sizes=\"(max-width: 768px) 100vw, 768px\" \/>\t\t\t\t\t\t\t\t\t\t\t\t\t\t\t<\/div>\n\t\t\t\t<\/div>\n\t\t\t\t<\/div>\n\t\t\t\t\t<\/div>\n\t\t\t\t<\/div>\n\t\t<div class=\"elementor-element elementor-element-8ba76eb e-flex e-con-boxed e-con e-parent\" data-id=\"8ba76eb\" data-element_type=\"container\">\n\t\t\t\t\t<div class=\"e-con-inner\">\n\t\t<div class=\"elementor-element elementor-element-abadb4c e-con-full e-flex e-con e-child\" data-id=\"abadb4c\" data-element_type=\"container\">\n\t\t\t\t<div class=\"elementor-element elementor-element-0c5596b elementor-widget elementor-widget-image\" data-id=\"0c5596b\" data-element_type=\"widget\" data-widget_type=\"image.default\">\n\t\t\t\t<div class=\"elementor-widget-container\">\n\t\t\t\t\t\t\t\t\t\t\t\t\t\t\t<img loading=\"lazy\" decoding=\"async\" width=\"768\" height=\"1024\" src=\"https:\/\/restaurant-ceba.fr\/wp-content\/uploads\/2025\/05\/IMG_8200-768x1024.jpg\" class=\"attachment-large size-large wp-image-2554\" alt=\"\" srcset=\"https:\/\/restaurant-ceba.fr\/wp-content\/uploads\/2025\/05\/IMG_8200-768x1024.jpg 768w, https:\/\/restaurant-ceba.fr\/wp-content\/uploads\/2025\/05\/IMG_8200-225x300.jpg 225w, https:\/\/restaurant-ceba.fr\/wp-content\/uploads\/2025\/05\/IMG_8200-1152x1536.jpg 1152w, https:\/\/restaurant-ceba.fr\/wp-content\/uploads\/2025\/05\/IMG_8200-rotated.jpg 1512w\" sizes=\"(max-width: 768px) 100vw, 768px\" \/>\t\t\t\t\t\t\t\t\t\t\t\t\t\t\t<\/div>\n\t\t\t\t<\/div>\n\t\t\t\t<\/div>\n\t\t<div class=\"elementor-element elementor-element-d3c201e e-con-full e-flex e-con e-child\" data-id=\"d3c201e\" data-element_type=\"container\">\n\t\t\t\t<div class=\"elementor-element elementor-element-28b78de elementor-widget elementor-widget-image\" data-id=\"28b78de\" data-element_type=\"widget\" data-widget_type=\"image.default\">\n\t\t\t\t<div class=\"elementor-widget-container\">\n\t\t\t\t\t\t\t\t\t\t\t\t\t\t\t<img loading=\"lazy\" decoding=\"async\" width=\"768\" height=\"1024\" src=\"https:\/\/restaurant-ceba.fr\/wp-content\/uploads\/2025\/05\/IMG_7995-768x1024.jpg\" class=\"attachment-large size-large wp-image-2555\" alt=\"\" srcset=\"https:\/\/restaurant-ceba.fr\/wp-content\/uploads\/2025\/05\/IMG_7995-768x1024.jpg 768w, https:\/\/restaurant-ceba.fr\/wp-content\/uploads\/2025\/05\/IMG_7995-225x300.jpg 225w, https:\/\/restaurant-ceba.fr\/wp-content\/uploads\/2025\/05\/IMG_7995-1152x1536.jpg 1152w, https:\/\/restaurant-ceba.fr\/wp-content\/uploads\/2025\/05\/IMG_7995-rotated.jpg 1512w\" sizes=\"(max-width: 768px) 100vw, 768px\" \/>\t\t\t\t\t\t\t\t\t\t\t\t\t\t\t<\/div>\n\t\t\t\t<\/div>\n\t\t\t\t<\/div>\n\t\t<div class=\"elementor-element elementor-element-5a92524 e-con-full e-flex e-con e-child\" data-id=\"5a92524\" data-element_type=\"container\">\n\t\t\t\t<div class=\"elementor-element elementor-element-1a3da47 elementor-widget elementor-widget-image\" data-id=\"1a3da47\" data-element_type=\"widget\" data-widget_type=\"image.default\">\n\t\t\t\t<div class=\"elementor-widget-container\">\n\t\t\t\t\t\t\t\t\t\t\t\t\t\t\t<img loading=\"lazy\" decoding=\"async\" width=\"768\" height=\"1024\" src=\"https:\/\/restaurant-ceba.fr\/wp-content\/uploads\/2025\/05\/IMG_7668-768x1024.jpg\" class=\"attachment-large size-large wp-image-2556\" alt=\"\" srcset=\"https:\/\/restaurant-ceba.fr\/wp-content\/uploads\/2025\/05\/IMG_7668-768x1024.jpg 768w, https:\/\/restaurant-ceba.fr\/wp-content\/uploads\/2025\/05\/IMG_7668-225x300.jpg 225w, https:\/\/restaurant-ceba.fr\/wp-content\/uploads\/2025\/05\/IMG_7668-1152x1536.jpg 1152w, https:\/\/restaurant-ceba.fr\/wp-content\/uploads\/2025\/05\/IMG_7668-rotated.jpg 1512w\" sizes=\"(max-width: 768px) 100vw, 768px\" \/>\t\t\t\t\t\t\t\t\t\t\t\t\t\t\t<\/div>\n\t\t\t\t<\/div>\n\t\t\t\t<\/div>\n\t\t<div class=\"elementor-element elementor-element-d1e28ab e-con-full e-flex e-con e-child\" data-id=\"d1e28ab\" data-element_type=\"container\">\n\t\t\t\t<\/div>\n\t\t<div class=\"elementor-element elementor-element-e9c3d4c e-con-full e-flex e-con e-child\" data-id=\"e9c3d4c\" data-element_type=\"container\">\n\t\t\t\t<\/div>\n\t\t<div class=\"elementor-element elementor-element-89677b6 e-con-full e-flex e-con e-child\" data-id=\"89677b6\" data-element_type=\"container\">\n\t\t\t\t<\/div>\n\t\t\t\t\t<\/div>\n\t\t\t\t<\/div>\n\t\t<div class=\"elementor-element elementor-element-2e369fa e-flex e-con-boxed e-con e-parent\" data-id=\"2e369fa\" data-element_type=\"container\">\n\t\t\t\t\t<div class=\"e-con-inner\">\n\t\t\t\t\t<\/div>\n\t\t\t\t<\/div>\n\t\t\t\t<\/div>\n\t\t","protected":false},"excerpt":{"rendered":"<p>Notre cuisine Nous faisons la part belle aux produits locaux, de saison, et frais. Les menus changent donc au rythme des saisons, du temps, et de nos inspirations. Le midi, nous vous proposons un menu d\u2019arrivage, et le soir des&#8230;<\/p>\n","protected":false},"author":1,"featured_media":2428,"parent":0,"menu_order":0,"comment_status":"closed","ping_status":"closed","template":"templates\/template-fullscreen.php","meta":{"_acf_changed":false,"_monsterinsights_skip_tracking":false,"_monsterinsights_sitenote_active":false,"_monsterinsights_sitenote_note":"","_monsterinsights_sitenote_category":0,"footnotes":""},"class_list":["post-2372","page","type-page","status-publish","has-post-thumbnail","hentry"],"aioseo_notices":[],"acf":[],"_links":{"self":[{"href":"https:\/\/restaurant-ceba.fr\/index.php\/wp-json\/wp\/v2\/pages\/2372","targetHints":{"allow":["GET"]}}],"collection":[{"href":"https:\/\/restaurant-ceba.fr\/index.php\/wp-json\/wp\/v2\/pages"}],"about":[{"href":"https:\/\/restaurant-ceba.fr\/index.php\/wp-json\/wp\/v2\/types\/page"}],"author":[{"embeddable":true,"href":"https:\/\/restaurant-ceba.fr\/index.php\/wp-json\/wp\/v2\/users\/1"}],"replies":[{"embeddable":true,"href":"https:\/\/restaurant-ceba.fr\/index.php\/wp-json\/wp\/v2\/comments?post=2372"}],"version-history":[{"count":32,"href":"https:\/\/restaurant-ceba.fr\/index.php\/wp-json\/wp\/v2\/pages\/2372\/revisions"}],"predecessor-version":[{"id":2742,"href":"https:\/\/restaurant-ceba.fr\/index.php\/wp-json\/wp\/v2\/pages\/2372\/revisions\/2742"}],"wp:featuredmedia":[{"embeddable":true,"href":"https:\/\/restaurant-ceba.fr\/index.php\/wp-json\/wp\/v2\/media\/2428"}],"wp:attachment":[{"href":"https:\/\/restaurant-ceba.fr\/index.php\/wp-json\/wp\/v2\/media?parent=2372"}],"curies":[{"name":"wp","href":"https:\/\/api.w.org\/{rel}","templated":true}]}}